*2. Calculate a(-6).
17
Let c(m) = -5*m**3 - m. Let r(t) = -47*t + 1. Let h be r(-3). Let v = h - 205. Let u = v - -64. Calculate c(u).
-6
Let k(r) = 5*r**2. Let x be (-6)/(-4) - 4/(-8). Let z be (x - 2)/(-3 + 1). Let q be -5 + 5 + -1 + z. Give k(q).
5
Let k(c) = c**2 - 12*c + 14. Suppose 4*p = x, 5*x - 75 = 4*p - 9*p. What is k(x)?
14
Let t(l) = 3*l - 9. Let z(w) be the third derivative of -7/3*w**3 + 0*w - 39*w**2 + 0 + 1/6*w**4. Let f(o) = -7*t(o) + 5*z(o). What is f(-6)?
-1
Let u(m) = -m**3 + 12*m**2 + 26*m + 27. Let j be 3/27*-2 - (-15488)/1089. Determine u(j).
-1
Suppose 437*s = 403*s. Let c(t) be the third derivative of 0*t + s*t**3 + 1/6*t**4 + 0 - 12*t**2. What is c(2)?
8
Let x(j) = -j**3 + 2*j**2 + j + 7. Let d be x(3). Let t = 1 + d. Suppose -h - h = -u + 9, 12 = -2*h - t*u. Let w(s) = s**3 + 4*s**2 - 3*s - 5. Calculate w(h).
-15
Let b(p) = 2*p + 6. Let m be ((-240)/114 - -2) + (-405)/(-57). Suppose -7 = -m*r + 49. Calculate b(r).
22
Let h be 3/(-2)*4/(-6). Let z(x) = -x**2 - h + 14*x - 1 - 10*x. Let p be (1 + (-3)/(-2))*2. Determine z(p).
-7
Suppose 2*n + 17 = -1. Let c(o) = -3*o - 22. Let s be c(n). Let u(w) = -16 + 6 - s*w + 8 + 4*w. What is u(-6)?
4
Let n(c) = -c**3 + 4*c**2 + 21*c + 2. Let g be n(7). Let d(h) = -8 + 5 + 7*h - h**2 + 1 + 6*h + 0*h**g. Calculate d(13).
-2
Let q be -1 - (-6)/(-45)*(-90)/(-6). Let n(g) = -2*g**2 + 2. What is n(q)?
-16
Let h(k) be the first derivative of k**3 - 1/4*k**4 + 4*k - 171 + 3/2*k**2. Give h(4).
0
Let y(v) = 9*v - 228013 + 228136 - 13*v. Determine y(27).
15
Let t(z) = z**2 + 4*z + 22. Let y = -41 - -34. Let q be t(y). Let r = -51 + q. Let f(c) = -c - 16. Determine f(r).
-8
Let o = 55 - 49. Let p be o/((4/(-6))/(14/21)). Let y(u) be the third derivative of u**4/24 + u**3/2 - 2*u**2. Determine y(p).
-3
Let j be -4 + -2 + 13 + 1 + -1. Let k(h) = -h - 19*h**2 - j + h**3 - 9*h**2 + 31*h**2. Calculate k(-3).
-4
Let o(x) be the second derivative of -x**4/24 - x**3/2 + 149*x**2/2 + x. Let h(i) be the first derivative of o(i). Determine h(-6).
3
Let w = -1 - 4. Let v be 2/w + (-52)/20. Let p(d) = -d**3 + 15*d + 3 - 4*d**2 - 15*d. Give p(v).
-6
Let k(d) be the first derivative of -d + 1/4*d**4 - 88 + 10/3*d**3 + 1/2*d**2. Calculate k(-10).
-11
Suppose 24*p = -1 + 1. Suppose p*t = -t - 4*y - 15, -3*y + 15 = -3*t. Let r(d) = -d**3 - 7*d**2 + d + 7. Give r(t).
0
Suppose -r = -95 + 93. Let i(g) = -3*g - 6. Let a(k) = -2*k - 6. Let p(u) = r*a(u) - 3*i(u). Give p(-7).
-29
Let y(l) = -10*l**2 - 6*l - 7. Let w = 472 + -473. What is y(w)?
-11
Suppose 5*d - 15 - 10 = 0. Let k be (0 + 1)/(d - (-11)/(-2)). Let m be (-165)/22*k/3. Let r(l) = l**2 - 7*l + 1. What is r(m)?
-9
Let w(s) be the second derivative of -7*s**3/6 + 64*s**2 - 26*s - 31. Calculate w(19).
-5
Let y(n) = -n**2 - 2*n. Let u be y(-3). Let g(d) = -2*d - 4. Let p be g(u). Let o(c) = 3*c + p*c**2 + 4*c**2 - 5 - 5*c**2. Calculate o(-4).
-1
Let o(y) = -887 + 434 + 452 - 7*y**3. Let x(s) = -2*s**2 + s. Let t be x(1). Give o(t).
6
Let u be -1*(10 - 2 - 3). Let k(y) be the third derivative of 1/60*y**5 + 1/4*y**4 + 1/2*y**3 + 67*y**2 + 0*y + 0. Calculate k(u).
-2
Suppose -5*z - 40 = -z + 4*b, 3*b = 18. Let m(f) = -7*f - 48. Determine m(z).
64
Let s(y) = 64*y - 15*y - 24*y - 24*y - 4*y**2 - 30*y**2. Let n = -55 + 56. Calculate s(n).
-33
Let d(k) = -4*k - 1. Let c(n) = -4*n - 1. Let q(o) = -2*c(o) + 3*d(o). Suppose 4*z - 496 = -3*a + 45, 4*a - 718 = -2*z. Let h = 178 - a. What is q(h)?
3
Let h(a) = -a + 3. Let y = -475 - -667. Suppose y = 5*s + 2*q + 567, -5*q = 5*s + 390. Let c = s - -73. Give h(c).
3
Let c(g) = g + 6. Let v be c(-6). Let p(w) = 7*w**3 + 8*w**2 + 33*w - 18. Let r(i) = 12*i**3 + 14*i**2 + 58*i - 36. Let l(b) = 7*p(b) - 4*r(b). What is l(v)?
18
Suppose -7*m - 8 = -9*m + 2*u, -5*u = -2*m + 2. Let b = m + -4. Let w(n) = -n**3 + 3*n**2 - 3*n + 1. Give w(b).
-1
Suppose 0*i - 7*i + 42*i - 210 = 0. Let f(z) = -2*z - 23. Give f(i).
-35
Suppose -2*i - 3*o = 589, -i + o = -0*o + 287. Let m = 290 + i. Let s(w) = w**3 + w**2 - 16. Determine s(m).
-16
Let p(r) = 91912*r + 91893*r - 5 - 183804*r. Let h = -11 - -7. What is p(h)?
-9
Let p(t) = -t**3 + 7*t**2 - 8*t - 20. Let s be 6 + 5*-1 + (-235)/(-47). What is p(s)?
-32
Suppose -4173 = -583*t - 92. Let u(f) = f**2 + 6*f - 5. Let p be u(-7). Let y(m) = 0*m - p*m**3 - m + 10 + 7*m**2 + m**3. What is y(t)?
3
Suppose -3*q = 2*u + 7 + 24, -1 = q. Let d(t) = t**3 + 15*t**2 + 15*t - 3. Let z be d(u). Let r = -21 - z. Let a(v) = v**2 + v - 5. What is a(r)?
7
Let f(w) = 2*w + 31. Let n be f(-3). Let a(m) = n*m - 9*m + 3 - 6*m**2 - 13*m + 5*m**2. Let b = 0 + 3. Calculate a(b).
3
Let x(f) = f**2 - 8*f. Suppose -5*u = 10, -6*u + 477 = 5*l - 2*u. Suppose 106*d = l*d + 72. What is x(d)?
0
Let c = 26 - 31. Suppose 2*g + k = -2*g + 11, -12 = -4*k. Let a(d) = 24 - 17 + 8*d**2 - 9*d**2 - g*d. Determine a(c).
-8
Let z be 6/(-3) + 40/8. Let u be 3*(-2)/z*-2. Let v(s) be the first derivative of s**2/2 - 2*s - 1. Calculate v(u).
2
Let z(x) = -x**3 - 8*x**2 - 9*x - 9. Let n = 625 + -622. Let o be (4/n)/((-60)/315). Calculate z(o).
5
Let v(w) be the third derivative of w**4/24 + w**3/2 - w**2. Let a(u) = -u**3 + 61*u**2 + 209*u - 12744. Let x be a(61). Calculate v(x).
8
Let l(y) = -y**2 - y - 3. Let x(h) = 8*h - 13*h**2 + 15*h**2 + 2*h**2 - 4*h**2 + h**2. Let i(o) = 3*o + 4. Let r be i(-4). Let j be x(r). Give l(j).
-3
Let q(g) = -38*g - 52*g + g**2 - 45*g - 17 - 44*g + 192*g. Give q(-15).
13
Let s(l) be the second derivative of -l**4/6 + 29*l**3/6 - 39*l**2/2 + 1250*l. Give s(13).
0
Let n(r) be the second derivative of -1/3*r**3 + 5/2*r**2 + 0 + 15*r. Let z = 340 + -332. Give n(z).
-11
Let a(j) = -127*j**2 + 111*j - 32. Let t(r) = -201*r**2 + 166*r - 49. Let l(h) = -8*a(h) + 5*t(h). Determine l(5).
-4
Let r(b) = b**2 + 187959*b - 187963*b - 2*b**2 - 2. Determine r(-3).
1
Let g(b) = 2*b**3 - 2*b**2 - 3*b - 1. Let w(d) = -3*d**2 - 6*d - 18. Let f be w(-5). Let q be 2*(-4 + (f - (3 + 1))). Let v = 145 + q. Determine g(v).
26
Let s = 173 + -175. Let y(d) = -4*d**2 + 16*d**2 + 9 - 10*d**2 - 16 - 3*d. Calculate y(s).
7
Let d(v) = v**2 - 6*v + 3. Let n = -5904 - -5910. What is d(n)?
3
Let g = -79 + 82. Suppose m - 3 = 3*p, -4*p = m + g*m + 36. Let d(u) = -u**2 - 6*u - 3. Give d(m).
-3
Suppose 3*m - 118 = -69 - 70. Let x(p) = 2*p + 11. Calculate x(m).
-3
Let z(q) = -q**2 + q - 2. Let a(v) = 2*v**2 - 2*v + 3. Let c(m) = -2*a(m) - 3*z(m). Let t(s) = 5*s**2 + s - 11. Let l(b) = 4*c(b) + t(b). What is l(-8)?
13
Let o(d) = -3*d**3 + 4*d**2 + 35*d + 82. Let m(s) = 16*s**3 - 15*s**2 - 177*s - 409. Let v(k) = 4*m(k) + 21*o(k). What is v(-23)?
-6
Let s(r) = -107*r + 16. Let f(o) = -39*o + 6. Let l(y) = -11*f(y) + 4*s(y). Determine l(-4).
-6
Let b(k) be the first derivative of -19/3*k**3 + 12 + 1/2*k**2 - k. Suppose 3*n - 5*q - 17 = 6, 2*n - 6 = q. What is b(n)?
-19
Suppose 0 = -4*m + 1409 - 445. Let u = 245 - m. Let n(p) = -3*p + 11. Calculate n(u).
-1
Let j(z) = -26 - 65*z + 34*z + 29*z. Calculate j(-12).
-2
Let m(a) = 2*a - 1 + 69*a**2 + 25*a**2 - 124*a**2 + 31*a**2 + 4*a**3. Calculate m(1).
6
Let c(k) = 11*k + 5*k - 48262*k**2 + k**3 + 48277*k**2 + 23. Determine c(-14).
-5
Let t(q) = -2*q**2 - 2*q. Let h be t(-6). Let j be 2 - 22/12 - 230/h. Let k(s) = 2*s**2 - 6*s + 2. What is k(j)?
10
Let n(y) be the third derivative of -1/2*y**4 + 1/720*y**6 + 5*y**2 + 0*y + 0*y**3 - 1/40*y**5 + 0. Let t(i) be the second derivative of n(i). Determine t(3).
0
Let u(m) = 2*m + 3. Let g be (-52)/208 + 3*529/(-4). Let l = 391 + g. Determine u(l).
-9
Let h = -14192 + 14189. Let b(f) = 12*f - 11. What is b(h)?
-47
Let o(m) = 5*m**3 + 4*m**2 - 2*m - 4. Let z = -188 - -190. Let g(d) = 6*d**3 + 2*d**2 - 2*d - 3. Let j(r) = z*o(r) - 3*g(r). Give j(-1).
9
Suppose 3*z + 5 = 11. Let o be (-18)/z - 10/(-2). Let k(c) be the first derivative of c**2/2 + 4*c + 1. Determine k(o).
0
Let a(r) = -7*r + 3. Let x be ((-42)/(-9))/((-6)/(-9) + 0). Suppose x*y = 39 - 60. What is a(y)?
24
Let d(q) = -24*q - 104. Let x(y) = y**2 - 43*y - 204. Let a(j) = 5*d(j) - 2*x(j). What is a(-4)?
-8
Let g(i) = 4*i + 8. Let n(z) = 5*z + 9. Let s(r) = -4*g(r) + 3*n(r). Let o = 126 + 561. Suppose o*j - 4 = 688*j. What is s(j)?
-1
Let x(q) = q - 12. Suppose 2*m - 25 = -8*m + 25. Give x(m).
-7